/((-6)/(-3))). Let q(r) = r - 7. Calculate q(s).
-17
Let o(y) = 82*y - 79. Let r(f) = 45*f - 42. Let d(w) = -6*o(w) + 11*r(w). Determine d(8).
36
Let p(h) = -4*h + 6 + 5*h**2 - 3*h - 4*h**2. Let y = -47 - -36. Let q = 15 + y. Give p(q).
-6
Suppose 466*m - 1271 + 4533 = 0. Let v(c) = -c**2 - 20*c - 94. Calculate v(m).
-3
Let x(y) = -7*y + 127 - y**2 - 192 + 61. Calculate x(-2).
6
Suppose 913*z = 851*z - 620. Let a(v) = -v**3 - 10*v**2 + 5*v - 10. What is a(z)?
-60
Let s(x) = x**3 + 6*x**2 + x + 4. Let z = -19 - -21. Suppose -z*u + 33 = -5*u. Let w(j) = 6*j**3 + 31*j**2 + 5*j + 20. Let o(y) = u*s(y) + 2*w(y). What is o(4)?
-8
Suppose -3 = 14*k - 13*k - 3*w, -1 = w. Let x(l) be the third derivative of -l**4/24 - 7*l**3/3 - 5*l**2. Give x(k).
-8
Let r = 1/4641 - -32485/9282. Let y(n) be the second derivative of -r*n**2 + 0 - 1/2*n**4 - 5/6*n**3 - 1/20*n**5 + 28*n. Determine y(-5).
-7
Let i(d) = 4 + 2 - d + d - d. Let g = 25 + -17. Let o be i(g). Let z(s) = 2*s**3 + 3*s**2 + 4*s + 2. Calculate z(o).
-10
Let i(v) = 2*v**3 + v**2 - 2*v - 3. Let a(c) = -c**3 - 6*c**2 - 8*c - 11. Let g be a(-6). Suppose -12 = 4*t, -4*w + 5*w = t + g. Let k = w + -36. What is i(k)?
-11
Suppose -4*b + 3 = -3*b. Let w(k) = k**2 - k**3 + 6 - 4 + b*k - 2*k**2. Let u(t) = -2*t**3 + 148*t**2 + 306*t - 154. Let f be u(76). Give w(f).
0
Let g(j) = 2*j - 50. Let q be g(24). Let y(w) be the first derivative of -w**4 + w**2 + 2*w + 156. Give y(q).
30
Let z = 349 - 346. Let a be 0/(z - (-3 - 5/(-1))). Let r(o) = o - 24. What is r(a)?
-24
Let a(m) be the first derivative of -m**5/10 + 17*m**4/12 - 5*m**3/3 + 9*m**2/2 - 7*m - 244. Let g(i) be the first derivative of a(i). Determine g(8).
-7
Suppose 4*u + 550*u + 4236 = -750. Let n(i) = -i**2 - 3*i + 19. Determine n(u).
-35
Let v(a) be the second derivative of a**5/20 + 7*a**4/6 - a**3/3 - 3*a**2 + 1783*a. Give v(-14).
22
Let r(h) = 0 - 8*h - 1 + 14. Let y be (-1*(-4)/4)/(14*1/28). What is r(y)?
-3
Let u(r) = -r**3 - 6*r**2 - r + 3. Let n(v) = v + 18. Let s be n(-16). Suppose 4*f - s*c = -10 + 50, 5*f - 2*c - 50 = 0. Suppose f*w + 35 = 3*w. What is u(w)?
-17
Let p be (70/105)/(-2*1/9). Let j be (-40)/(-15) + -1 + (-1)/p. Let v(r) = -r**2 + 25 + 0 + 2*r**j. What is v(0)?
25
Let q(h) = 2*h**2 - 4*h + 11. Let m(y) = -y**2 + y - 6. Let t(j) = 4*j**2 - 17*j + 16. Let a be t(1). Let v(b) = a*q(b) + 5*m(b). Determine v(4).
-9
Let l(m) = 8*m - 464. Suppose -217 = -4*x + 19*n - 16*n, -4*x + 212 = -4*n. Give l(x).
0
Let q = 42613 - 42615. Let h(k) = 19*k**3 - 3*k**2 + 3*k + 3. Determine h(q).
-167
Let i = 16175 - 16221. Let x(o) = o**3 + 45*o**2 - 48*o - 87. Give x(i).
5
Let h be 22*(225/(-10))/(-9). Suppose 0*j - h = 5*j. Let n be 2/(((-22)/8)/j). Let f(x) = -x**2 + 8*x + 7. Determine f(n).
7
Let o be (-3)/(3/7) + 10. Let u(n) be the second derivative of -1/2*n**o - 19*n + 0 + n**2. Give u(-4).
14
Let i(l) = -2*l**2 + 3*l + 34. Suppose 0 = 4*g - 4*s - 4, 0 = -4*g + 2*s - 1788 + 1804. Calculate i(g).
-43
Let i(z) = 2*z**2 + 3*z - 19. Let j be 25 + 10963/(-437) - 113/23. Give i(j).
16
Suppose 0 = 18*a - 21*a + 24*a + 63. Let y(l) be the second derivative of -l**5/20 - l**4/4 + l**3/3 - l**2 + 3*l. Determine y(a).
-8
Let o be 30/75 - (-1)/(-5)*-13. Let f(i) = -i. Let v(g) = -5*g. Suppose 2*d + 4*j + 1 = -1, 0 = 2*j. Let n(u) = d*v(u) + 4*f(u). Give n(o).
3
Let r = -71 + 109. Let l(n) = -35 - n**2 - r + 104 - 5*n - 32. Let w = -7 + 3. Calculate l(w).
3
Let f(k) = k**2 - 4*k - 7. Let r(a) = -a**3 + 6*a. Let d be r(2). Suppose b + 5*u - 5 = 0, -8*b + 4*u = -11*b + d. Suppose -12*h + 6*h + 30 = b. Determine f(h).
-2
Let i(h) be the third derivative of -h**4/2 - 281*h**3/6 + 2*h**2 - 26*h + 3. Determine i(-23).
-5
Suppose 0 = 4*p - 38*u + 37*u, -p + 18*u = 142. Let n(d) be the second derivative of 1/20*d**5 + 2*d + 0 + 1/3*d**4 - d**3 - 3/2*d**p. What is n(-5)?
2
Let i(j) = 14*j**3 + j**2 + j - 1. Let d be i(-2). Let q = d - -114. Suppose q*v + 40 = 10. Let x(l) = -l - 8. Calculate x(v).
2
Let x = 3231 + -3230. Let w(d) = 32*d - 26. Determine w(x).
6
Let c(y) = -16 - 5*y + 3*y + 17. Suppose -5*n - 2*m - 23 + 3 = 0, -n = 5*m - 19. Let h = n - -1. Determine c(h).
11
Let a(h) = h**2 - h - 1. Let l = -67 + 117. Suppose b - l = 11*b. Let u(z) = z**3 + 5*z**2 - 2*z - 12. Let s be u(b). What is a(s)?
5
Let j(y) = -6*y**2 + y. Suppose 3*f - 19 = -4*x, 4*x + 5 = 2*f - 1. Suppose -7*n + 2*n = f*i - 10, -4*i + 2*n - 4 = 0. Suppose 3*m - 5 + 2 = i. Determine j(m).
-5
Let j(i) = 10*i**2 + 31*i + 49. Let p(z) = -7*z**2 - 23*z - 34. Let x(n) = 5*j(n) + 7*p(n). Let r = 1 - -4. Give x(r).
2
Let b(p) = p**2 + 3*p + 2. Let v(q) be the first derivative of -q**3/3 - 4*q**2 - 3*q + 90. Let j be v(-8). Determine b(j).
2
Let i(o) be the first derivative of o**4/4 + 23*o**3/3 + 21*o - 5724. What is i(-23)?
21
Let a(h) = h**2 - h - 1. Let f(z) = -48*z + 959. Let t be f(20). Give a(t).
1
Let f(l) = -26*l + 39. Let x(k) = -3*k + 7. Let b(u) = f(u) - 6*x(u). What is b(-8)?
61
Let h be 13/(91/28) + (-8)/(-2). Let a(y) = 9*y + 9. Let x(o) = -2*o - 2. Let v(j) = -a(j) - 3*x(j). Calculate v(h).
-27
Let y(v) = -2*v**3 + 4*v**2 + v - 8. Let h be y(2). Let g(m) = 17*m + 6. What is g(h)?
-96
Let q(s) = -3*s - 3. Let c(y) = 5*y**3 + 5*y**2 - 4*y - 38. Let o(z) = 6*z**3 + 5*z**2 - 3*z - 37. Let m(d) = -5*c(d) + 4*o(d). Let t be m(-5). Determine q(t).
-9
Let s(g) be the first derivative of -g**3/3 + 3*g**2/2 + g - 1. Let i(p) = -7*p**2 + p**2 - 3*p**2 - 105*p + 11 - p**3 + 98*p. Let t be i(-8). What is s(t)?
1
Let f(g) = -3*g + 2. Let q be 58/(-87) - (-256)/24. Calculate f(q).
-28
Suppose 0 = 2004*v - 2005*v + 2. Let p(y) = 28*y - 5. Calculate p(v).
51
Let c(t) = 76*t**3 + t**2 - 12*t + 3. Let v(h) = -1062*h**3 - 14*h**2 + 174*h - 44. Let y(f) = -58*c(f) - 4*v(f). Calculate y(1).
-160
Suppose 4*k + 5*s = 3*k - 19, 3*k + 5*s + 77 = 0. Let b(h) = h**3 + 28*h**2 - 29*h - 11. Determine b(k).
-11
Let k be (-22)/(-6) + 2/6. Let a(m) be the third derivative of -1/60*m**5 - 1/12*m**4 + 136 + 0*m + m**2 + 2/3*m**3. Determine a(k).
-20
Suppose -265*w - 30 = -259*w. Let n(z) = -13*z - 2. Determine n(w).
63
Suppose -2*u + 2 + 2 = -8. Let k(n) = 9*n + 5. What is k(u)?
59
Let b(c) = -7*c**2 + 75*c + 117. Let d(l) = -2*l**2 + 13*l + 1. Let r(x) = b(x) - 4*d(x). Calculate r(-15).
-7
Suppose 0 = -8*z + 848 + 208. Suppose 12*b - b + z = 0. Let x(c) = -c - 14. Give x(b).
-2
Let g(u) = -167 + 8*u - 48*u - u + 189. Let c(l) = -21*l + 9. Let o(w) = 5*c(w) - 2*g(w). Determine o(2).
-45
Let z(q) be the second derivative of -q**5/60 - q**4/24 - 49*q**2 + 41*q. Let j(r) be the first derivative of z(r). Let t = 0 + 0. Give j(t).
0
Let r(k) = -6*k + 57. Suppose 25*f - 145 = 80. Give r(f).
3
Let n(t) be the first derivative of -15*t**2/2 - 78*t - 384. Give n(-5).
-3
Let w(j) = 2*j - 7. Let b(a) = -a + 3. Let q(y) = -13*b(y) - 6*w(y). Suppose 5*o = -3*l, 0*l - l + 17 = -4*o. Give q(l).
8
Let w(m) = 3*m - 16. Let y = 626 + -638. What is w(y)?
-52
Let s be (-3)/(-6) + (-35)/40 + 2512/(-128). Let h(k) = -5*k - 113. Give h(s).
-13
Suppose 2*v - 4*q = 4*v + 6, q = -v + 2. Suppose a = 3*b + 19, 2*a = -5*b + v*b + 6. Let w(l) be the first derivative of -l**2/2 - 9*l + 1. Determine w(b).
-1
Suppose -8*z = -33 + 17. Suppose -4*h - 4*c + 144 = 0, -2*h - z*h + 160 = -4*c. Let s = h - 38. Let a(j) = -j**2 + j + 6. Calculate a(s).
6
Let l(m) = -5*m**2 + 3*m - 90. Let s(c) = -3*c**2 + c - 51. Let x(g) = 4*l(g) - 7*s(g). Suppose -6 = -4*v + 5*v. Calculate x(v).
3
Suppose 3*n - 99 = -n - 3*a, 0 = -a + 5. Let m be 2214/n - (-6)/(-14). Let z be m/14*(-2)/(-3). Let h(b) = 5*b - 6. What is h(z)?
19
Let w(y) = -393*y**3 - 2*y**2 - 14*y - 12. Let t be w(-1). Let o = 395 - t. Let d(c) = 4*c + 2. Let v(g) = -g - 1. Let a(u) = 2*d(u) + 4*v(u). Give a(o).
8
Let c(n) be the second derivative of 2*n + 0 + 0*n**2 + 2/3*n**3. What is c(2)?
8
Let v(x) = 5*x**3 - 8*x**2 + 8*x - 4. Let u(q) = 29*q**3 - 45*q**2 + 47*q - 22. Let h(z) = -4*u(z) + 23*v(z). Calculate h(-3).
-1
Let c(r) be the third derivative of r**5/30 - 17*r**4/24 + r**3/6 + 2*r**2 - 51*r + 2. Determine c(8).
-7
Let l(u) = -u**3 + 2*u + 7*u**2 - u**2 + 5*u**2 - 2 - 8*u**2. Let k be (255 - 15)*5/(45/(-6)). Let f = k - -163. Determine l(f).
4
Let b(p) be the second derivative of -p**3/